= -4*c - 3. Let g(d) = -8*d - 6. Let r(h) = o*t(h) + 6*g(h). Suppose -15 = 3*i - 0*i. Calculate r(i).
-17
Let x(y) = -17*y - 13. Let q(j) = -18*j - 12. Let t(c) = -6*q(c) + 5*x(c). Let p(a) = 37*a + 10. Let d(u) = 5*p(u) - 8*t(u). Give d(10).
4
Let a(l) = 5*l - 5. Let d(j) = 3*j - 2. Let t = 15 + -10. Let q = -108 + 106. Let v(h) = q*a(h) + t*d(h). Calculate v(1).
5
Let i = -759 - -756. Let z(h) = -h**2 - 3*h + 3. Determine z(i).
3
Let y(n) = -10*n**3 - 13*n**2 - 5*n - 11. Let x(w) = -7*w**3 - 9*w**2 - 3*w - 7. Let a(i) = 7*x(i) - 5*y(i). Give a(-2).
-2
Let f be (-31 - (-6422)/208) + 82/16. Let c(w) be the second derivative of w**4/12 - 5*w**3/6 + 7*w**2/2 - 2*w. Calculate c(f).
7
Let b(d) = d**2 - 17*d + 30. Let j be 3 + -21 + 10 - -24. Give b(j).
14
Let c(t) = -7*t**2 - t. Let r be c(-1). Let q(l) = 5*l + 50. Let f be q(-8). Let w(d) = 20 + 6*d - d**2 - f + 2*d**2 - 7. Calculate w(r).
3
Let n(h) = 7310 + 2*h**2 - 7350 + 3*h + 0*h**2. Determine n(-5).
-5
Let x(l) = -28*l**2 - 12*l + 121. Let p(d) = -13*d**2 - 6*d + 60. Let v(z) = -13*p(z) + 6*x(z). Determine v(-12).
18
Let l(a) = -2*a**2 + 29*a + 57. Let z(c) = 3*c**2 - 33*c - 54. Let j(s) = -4*l(s) - 3*z(s). Determine j(-7).
4
Let n(s) = -2*s**2 + 10*s - 4. Let k(l) = 2*l**2 - 7*l + 4. Suppose 0 = -4*u - 3*h - 13, -u + 1 = 4*h + h. Let r(b) = u*k(b) - 3*n(b). Give r(-3).
-16
Let j = -72 - -113. Let q = -44 + j. Let w(i) = -i**3 - 4*i**2 + 7. Let a be w(q). Let b(t) = -t**3 - 2*t**2 + t. Give b(a).
-2
Let h(i) = 2*i**3 - 3*i**2 - 23*i + 46. Let w = 6812 + -6810. Determine h(w).
4
Suppose -25 = -2*d - 21. Let j = d + 5. Let b be (-4 + j/2)/((-2)/(-4)). Let w(x) = -15*x - 1. Determine w(b).
14
Let h = 15 + -10. Suppose -2*t + 150 = 3*m, -4*t = 5*m - 8*t - 250. Let l(b) = m - b - 27 - 20. Determine l(h).
-2
Let a(j) = -10*j + 114*j**3 + 195 - 195 - 8*j**2 - 115*j**3. What is a(-6)?
-12
Suppose 71 = 240*y + 1511. Let q(o) = -8*o - 6. Give q(y).
42
Suppose a - 15 = 2*x, 0 = -6*x + 12*a - 8*a - 50. Let h(i) = 3*i**2 + 26*i - 12. Let n(v) = v**2 + 9*v - 4. Let w(d) = -3*h(d) + 8*n(d). Calculate w(x).
9
Let y(b) be the second derivative of -b**7/180 + b**4/2 + 5*b**3/6 + 8*b + 1. Let h(t) be the third derivative of y(t). Calculate h(1).
-14
Let i(q) = -q**3 - 7*q**2 + 7. Let m = 65 - 50. Suppose -m = 7*g - 57. Suppose g*j + 49 - 7 = 0. What is i(j)?
7
Let c(n) = -n**2 - 11*n - 6. Let q be ((-60)/7)/(-3)*(-14 - (-126)/12). Determine c(q).
4
Let t(h) = -h**3 + h + 7. Let g be 70/(-5)*(2 - 3). Let w = -12 + g. Suppose 0 = -a - w*a. What is t(a)?
7
Let t(n) = -3*n - 59. Let x be t(-20). Let y(f) = 66*f**2 - f + 1. What is y(x)?
66
Let j be 1/((-4)/(-16)) - 3. Let o(g) = 1132*g + j - 1130*g + 6. Calculate o(-6).
-5
Let l be 6 + 676/(-132) - (-84)/(-154). Let b(j) be the third derivative of 0*j - l*j**3 + 0 + 1/24*j**4 + 5*j**2. Calculate b(2).
0
Let f(c) = -c. Let p(i) = -10*i - 3. Let r(d) = -6*f(d) + p(d). Let t(o) = -o**2 + 2*o + 38. Let b be t(-5). Let k be (279/(-186))/(b/10). Calculate r(k).
17
Let c = -2855 - -2859. Let h(d) be the third derivative of 1/24*d**c + 0*d - 33*d**2 + 0 + 1/2*d**3. Give h(9).
12
Let o(x) = -4*x**2 - 38*x - 11. Let k = 15083 - 15090. What is o(k)?
59
Let r(a) be the third derivative of -7*a**6/120 + a**5/30 - a**3/6 + 1251*a**2. Calculate r(1).
-6
Let x(g) = -3*g**2 - 4*g + 2. Let y(c) = -5*c**2 + 0 - 3*c + 2 + c**2. Let f(n) = 3*x(n) - 2*y(n). Let v be (-40 - (-1121)/38)/(3/2). Calculate f(v).
-5
Let n be 168/224 + (-734)/8. Let m = 83 + n. Let a(g) = -g**3 - 7*g**2 + 6*g - 16. What is a(m)?
0
Let n(a) = a**2 - 7*a + 7. Let w be (13/2)/(34/(-2380)). Let u = w + 461. Calculate n(u).
1
Suppose 8*h - 11*h + 10 = 5*f, f = -3*h + 14. Suppose h*d + 4*y + 21 = 0, -d - 3*y = 3 - 1. Let j(v) = -2*v**2 - 7*v. Determine j(d).
-15
Let c = 11267 + -11264. Let f(k) = -5 + 6*k**2 - k**3 - 5*k**2 + 9 - k**3. Give f(c).
-41
Suppose -x - q = q + 5, -3*x - q - 25 = 0. Let s(m) = -m**2 - 6*m + 3. Give s(x).
-24
Let d(t) = t**2 - 240*t - 1736. Let p be d(-7). Let r(x) = -x**3 - 5*x**2 + 11*x + 1. Calculate r(p).
22
Let q(m) = 2*m - 3. Let r(a) = -7*a**2 + 6. Let o(u) = -9*u**2 - u + 6. Let w(t) = -3*o(t) + 4*r(t). Let g be w(0). Give q(g).
9
Let q(s) = -196*s - 2151. Let z be q(-11). Let t(f) = -4*f**2 + f + 11. Calculate t(z).
-84
Let t(f) = -f**3 - 8*f**2 + f + 1. Let z(d) = 5*d**3 + 24*d**2 - 21*d - 20. Let w(h) = 4*t(h) + z(h). Give w(10).
14
Let y(c) = c**2 + 3*c - 5. Suppose 2*q - 20 + 18 = 0. Suppose 3*i - 5*x - 1 = 0, -5*i + 4*x = q - 7. Determine y(i).
5
Let s(r) = 2 + 97469*r - r**3 + 2*r**2 - r**3 - 97468*r. Determine s(2).
-4
Let b(n) = 4*n**3 - 15*n**2 - 12*n - 10. Let h(c) = c**3 - c**2 - 2*c + 1. Suppose 0 = d + 22 - 27. Let k(g) = d*h(g) - b(g). What is k(-10)?
-5
Let x(k) = 2*k - 106. Let o(u) = 2*u - 153. Let g(r) = 5*o(r) - 7*x(r). Calculate g(-3).
-11
Let b(v) = 2*v**2 - 17*v - 7. Let r = 5 + -2. Let i(t) = t**2 - 8*t - 3. Let c(z) = r*b(z) - 7*i(z). Suppose 24*u = 6*u + 108. Determine c(u).
-6
Let v(p) be the third derivative of -p**4/12 - p**3/2 - 14*p**2. Suppose 3*j - 25 = 4*z, 0 = -2*z + 4*z - j + 11. Determine v(z).
5
Let o(h) = -h**2 + 5*h - 6. Suppose 4 = 4*c - 500. Suppose -130*q + c*q = -16. What is o(q)?
-2
Let q = -2 + -4. Let u = q - -9. Let g(d) = -446*d + 27. Let s(w) = 319*w - 19. Let t(n) = 5*g(n) + 7*s(n). Determine t(u).
11
Let g(l) = -4*l - 6. Suppose -f - 7 + 5 = 0. Let r be g(f). Let n(x) = 6*x**r + 5 - 2*x**2 - 3 - 6*x**2. Calculate n(-2).
-6
Let a(f) = f**3 - 4*f**2 + f + 11. Suppose 68 = -15*x - 8*x + 40*x. Calculate a(x).
15
Suppose 6 = 4*y - 2. Let o(t) = -t**3 - 21*t**2 + 1. Let z be o(-21). Let s(m) = z - 14*m**2 + 0 - 1 + 15*m**2 - 2*m. Calculate s(y).
0
Let g(j) = j**3 + 3*j**2 - 4. Let r(i) = -i**2 + 2*i + 2. Let u be r(2). Suppose u*y + 25 = -21. Let n = -26 - y. Calculate g(n).
-4
Let j(g) = 24*g**2 + 63825*g - 63820*g - 24 + 18. Give j(1).
23
Let a(g) = -7*g**2 + 41*g**2 + 9 - 10*g**2 - 14*g**2 - 9*g**2 - 10*g. Let o be (-1 - -2)/(2/18). Calculate a(o).
0
Let a(w) = -18 - 21*w**2 + 1 - 11*w + 1 - 2*w**3. Let y be a(-10). Let i(v) be the first derivative of -v**2/2 - 7*v + 3. Give i(y).
-1
Let a(l) = 49*l + 24. Let m(x) = -11*x - 6. Let p(q) = -2*a(q) - 9*m(q). What is p(-11)?
-5
Let v(n) = 4*n**2 + 4*n - 6. Let d be v(-5). Let l = 75 - d. Let f(i) = -i - 1. Let x(s) = -s**2 + 2*s + 2. Let g(b) = l*x(b) + 3*f(b). What is g(-1)?
-1
Let n(z) = 75*z - 1. Let a(y) = 235*y - 5171. Let v be a(22). Determine n(v).
-76
Let v be 4/(-3)*(-27)/(-6). Let d = -2 - v. Let r(f) = -7 - d*f + 14 - 6. Calculate r(-2).
9
Let r(b) = -b**2 - 6*b - 3. Let v(j) be the first derivative of -j**3/3 + 5*j**2 + 7*j + 7. Let u be v(11). Determine r(u).
5
Let b be 2 + (1 - -3) + 1. Let w(g) = -6*g**2 + 19*g + 2. Let a(n) = 5*n**2 - 17*n. Let v(y) = -5*a(y) - 4*w(y). Give v(b).
6
Suppose -19 = -l - 4*k + 3*k, 4*l + k - 61 = 0. Suppose l = 10*q + 4. Let x be (0 - -2)*(4/8 - q). Let j(y) = -4*y**3 + y**2 + y. Determine j(x).
4
Let n(j) = j**2 + 9 - 3 + 6. Let t be (-525)/(-3) + -4 + (3 - 2). Let r = 172 - t. Give n(r).
12
Let s(p) = 2*p - 3. Let i(b) = 18*b - 5. Let t be i(9). Let v = 162 - t. What is s(v)?
7
Suppose 35*k + 18 = 38*k. Let x be (-6)/(-15) - 76/(-10). Let p(m) = -3*m + k*m + 2 - x. Determine p(4).
6
Let g be ((-45)/(-27))/((-15)/(-18)). Let u(y) = -8*y + 8*y**3 - 8*y**g + 3*y**3 - 12*y**3 - 6 + 2. What is u(-7)?
3
Let h(u) = -8*u**2 - 3096*u + 80 + 3106*u - 90 + u**3. Give h(7).
11
Let g = -1 - -4. Let y(z) = -154*z + 16. Let m(x) = -6*x - 2. Let t(q) = -23*q + 10. Let a(s) = 3*m(s) + t(s). Let k(u) = -15*a(u) + 4*y(u). Calculate k(g).
1
Let h(i) = 12*i**3 + 8 + 4*i**3 - 370*i + i**2 + 372*i - 7. Let x = -3 + 2. Give h(x).
-16
Let g(c) = 42*c + 5. Let z(h) = -8*h - 1. Let j(o) = -2*g(o) - 11*z(o). Let y(r) = -r + 21. Let i be y(16). Let x = i - 6. Determine j(x).
-3
Let y(f) = -116 - 21*f**2 - f - 4*f + 0*f**2 + 43*f**2 + f**3. Let q be y(-22). Let s(m) = -m**2 - 3*m + 8. What is s(q)?
-10
Suppose 2*w = o - 982, -3*o + 2*w = 3*w - 2932. Let z = o + -976. Let t(v) = -4*v**2 + v - 2. Calculate t(z).
-16
Let h = -9 - -12. Suppose -7 + h = -2*w, 0 = -o + 4*w - 12. Let m(f) = -f + 0 - 1 - 8*f + 4 + 6*f. Determine m(o).
15
Let h be ((23/5)/1 - 2)/((-556)/27